{"id":174,"date":"2017-03-26T13:47:01","date_gmt":"2017-03-26T12:47:01","guid":{"rendered":"http:\/\/twist-turn.de\/?page_id=174"},"modified":"2022-10-01T11:17:48","modified_gmt":"2022-10-01T10:17:48","slug":"allgemeine-geschaeftsbedingungen","status":"publish","type":"page","link":"https:\/\/twist-turn.de\/?page_id=174","title":{"rendered":"Allgemeine Gesch\u00e4ftsbedingungen"},"content":{"rendered":"<p><strong>Geltungsbereich:<br \/>\n<\/strong>Unsere Allgemeinen Gesch\u00e4ftsbedingungen gelten f\u00fcr alle Kurs- und Veranstaltungsorte des Tanzstudios Twist Turn.<\/p>\n<p>&nbsp;<\/p>\n<p><strong>Anmeldung:<br \/>\n<\/strong>Die Teilnahme am Unterricht kann erst erfolgen, nachdem eine vollst\u00e4ndig ausgef\u00fcllte Anmeldung vorliegt. Mit Abgabe oder \u00dcbersendung der unterzeichneten Anmeldung kommt es zum Vertragsschluss. Die Anmeldungen sind verbindlich und verpflichten zur vollst\u00e4ndigen Zahlung der Kurshonorare und berechtigen im Gegenzug zum Besuch der gebuchten Unterrichtseinheiten.<\/p>\n<p>Bei minderj\u00e4hrigen Personen muss die Anmeldung von einem Erziehungsberechtigten unterschrieben werden. Der unterzeichnende Erziehungsberechtigte wird durch diese Unterschrift automatisch Vertragspartner des Tanzstudios Twist Turn.<\/p>\n<p>Das Tanzstudio Twist Turn verpflichtet sich, bei rechtzeitiger Anmeldung einen Unterrichtsplatz zu reservieren. Sollte der gew\u00e4hlte Termin belegt sein oder mangels Teilnehmer nicht stattfinden, erfolgt eine Benachrichtigung. F\u00fcr diese F\u00e4lle entfallen Kurshonorar und Reservierungspflicht. Bereits gezahlte Kurshonorare werden erstattet, sofern nicht ein anderer Termin gew\u00e4hlt wird.<\/p>\n<p>&nbsp;<\/p>\n<p><strong>Kurshonorare, Beitr\u00e4ge<\/strong>:<br \/>\nDie aktuellen Kurshonorare sind auf der Homepage aufgef\u00fchrt.<\/p>\n<p>&nbsp;<\/p>\n<p><strong>Zahlungsbedingungen:<br \/>\n<\/strong>Die Anmeldung verpflichtet zu Zahlung des gesamten Honorars.<\/p>\n<p>Auch wenn nicht alle Unterrichtsstunden in Anspruch genommen werden, muss das volle Honorar bezahlt werden. Die einmalige Kursgeb\u00fchr ist vor Kursbeginn, sp\u00e4testens zur 1 Unterrichtseinheit an das Tanzstudio Twist Turn per \u00dcberweisung oder Barzahlung als Gesamtbeitrag zu entrichten.<\/p>\n<p>Auf vorzeitiges Ausscheiden aus zwingenden Gr\u00fcnden erfolgt eine Gutschrift f\u00fcr einen sp\u00e4teren Kurs. Gebuchte Kurse k\u00f6nnen Sie bis 10 Tage vor Kursbeginn schriftlich absagen. Das bezahlte Kursgeld wird Ihnen auf ein anderes Angebot gutgeschrieben, R\u00fcckzahlungen erfolgen nicht.<\/p>\n<p><strong>Monatszahler: <\/strong>Bei Monatszahlern gew\u00e4hrleisten wir mindestens 32 Mal Unterricht zu je 90 Minuten mit 15 Minuten Pause, pro Jahr. Das Honorar wird jeweils zum Monatsanfang f\u00e4llig. Monatliche Zahlungen sind bar oder per \u00dcberweisung m\u00f6glich. Eine Aufnahmegeb\u00fchr wird nicht erhoben. Bei vers\u00e4umten Unterrichtsstunden erfolgt keine Honorarr\u00fcckerstattung oder -gutschrift. R\u00fcckzahlungen bereits geleisteter Honorare werden ausdr\u00fccklich ausgeschlossen. Die Mitgliedschaft kann mit einer Frist von einem Monat zum Quartalsende. eines jeden Jahres durch schriftliche K\u00fcndigung beendet werden<em>.<\/em> Es besteht jedoch eine Mindestmitgliedschaft von 6 Monaten. Jeder Kurswechsel muss dem Tanzschulb\u00fcro bekanntgegeben werden. Das Tanzstudio Twist Turn ist berechtigt, aus organisatorischen Gr\u00fcnden Kurse zusammenzulegen oder zu verlegen.<\/p>\n<p>&nbsp;<\/p>\n<p><strong>Ferienzeiten:<\/strong><br \/>\nW\u00e4hren der Schulferien und an gesetzlichen Feiertagen findet in der Regel kein Unterricht statt. In dieser Zeit sind die Monatshonorare weiter zu entrichten, da es sich bei einem Monatsbeitrag um 1\/12 des Jahresbeitrages handelt, der in entsprechenden Raten gezahlt wird.<\/p>\n<p>&nbsp;<\/p>\n<p><strong>Allgemeine Teilnahmebedingungen<\/strong><strong>:<br \/>\n<\/strong>An gesetzlichen Feiertagen findet in der Regel kein Unterricht statt. Das Kursprogramm ist Welttanzprogramm und urheberrechtlich gesch\u00fctzt. Die Weitergabe an Dritte, auch an Tanzsch\u00fcler aus niedrigeren Kursstufen des Tanzstudios Twist Turn ist untersagt. Wird der vertraglich vereinbarte Beitrag nicht oder nicht rechtzeitig gezahlt, hat das Tanzstudio Twist Turn ein au\u00dferordentliches K\u00fcndigungsrecht, sofern trotz Abmahnung nicht bezahlt wurde.<\/p>\n<p>&nbsp;<\/p>\n<p><strong>Vers\u00e4umte Stunden, Krankheitsfall:<br \/>\n<\/strong>Kann ein Kurs aus zwingenden Gr\u00fcnden nicht bis zum Ende besucht werden, wird das Resthonorar f\u00fcr einen sp\u00e4teren Kurs gutgeschrieben. Dies gilt jedoch erst ab drei vers\u00e4umten Abenden. Das Tanzstudio Twist Turn macht ausdr\u00fccklich darauf aufmerksam, dass gesch\u00e4ftliche Verpflichtungen, Arbeits- oder Gesch\u00e4ftsreisen, Urlaub oder fehlende Kinderbetreuung nicht als zwingender Grund anerkannt werden und bei darauf begr\u00fcndeten Ausf\u00e4llen die Beitr\u00e4ge fortzuzahlen sind. Im Krankheitsfall wird der Kursanteil ab dem Tag des \u00e4rztlichen Zeugnisses auf ein sp\u00e4teres Angebot gutgeschrieben.<\/p>\n<p><strong>Monatszahler:<\/strong>Im Falle von l\u00e4nger andauernder Krankheit oder Schwangerschaft kann das Honorar bis zum Wiedereinstieg ausgesetzt und somit eine Ruhezeit eingelegt werden. Die Aussetzung des Honorars richtet sich nach dem Eingang eines \u00e4rztlichen Attests in unserem Tanzstudio. Eine r\u00fcckwirkende Aussetzung des Kurshonorars ist ausgeschlossen, ma\u00dfgebend ist der Eingangstag des \u00e4rztlichen Attests in unserem Hause. Die Vertragsdauer verl\u00e4ngert sich anschlie\u00dfend um den Zeitraum in dem die Honorarzahlung ausgesetzt wurde.<\/p>\n<p>&nbsp;<\/p>\n<p><strong>Film- und Fotoaufnahmen:<br \/>\n<\/strong>Vom Tanzstudio Twist Turn werden zu bestimmten Gelegenheiten Film- und Fotoaufnahmen get\u00e4tigt. Die Unterrichtsr\u00e4ume werden, soweit m\u00f6glich, gekennzeichnet bzw. es wird m\u00fcndlich darauf hingewiesen, wann und wo welche Aufnahmen erfolgen. Bitte melden Sie sich, wenn Sie nicht w\u00fcnschen, dass evtl. von Ihnen get\u00e4tigte Aufnahmen sp\u00e4ter in der \u00d6ffentlichkeit verwertet werden. Geschieht dies nicht, wird davon ausgegangen, dass die Verwertung honorarfrei gestattet wird und die Film-bzw. Fotorechte in den Besitz des Tanzstudios Twist Turn \u00fcbergehen. Insbesondere bei Veranstaltungen werden f\u00fcr Online-Fotoalben auf unserer Internetseite www.twist-turn.de Fotos gemacht. Ein von Ihnen dort ver\u00f6ffentlichtes Foto werden wir nach einem entsprechenden Hinweis entfernen, sofern Sie dies w\u00fcnschen.<\/p>\n<p>&nbsp;<\/p>\n<p><strong>Haftung:<br \/>\n<\/strong>Die Aus\u00fcbung des Tanzens bzw. die sonstige Bet\u00e4tigung in unseren R\u00e4umen und auch der allgemeine Aufenthalt in den R\u00e4umen und auf Veranstaltungen des Tanzstudios Twist Turn geschieht auf eigene Gefahr. F\u00fcr Personen- oder Sachsch\u00e4den, die nicht vom Tanzstudio oder deren Mitarbeitern verursacht werden, ist jede Haftung ausgeschlossen. Des Weiteren ist die Haftung auf grobe Fahrl\u00e4ssigkeit oder Vorsatz beschr\u00e4nkt. F\u00fcr die Garderobe der Mitglieder bzw. deren anderweitige Wertgegenst\u00e4nde wird keine Haftung \u00fcbernommen.<\/p>\n<p>&nbsp;<\/p>\n<p><strong>Datenschutz:<br \/>\n<\/strong>Der Kunde erkl\u00e4rt sich mit Abschluss des Vertrages bereit, dass die Kundendaten in der tanzstudioeigenen EDV gespeichert werden. Die Daten sind vor dem Zugriff nicht berechtigter Personen gesch\u00fctzt und sind nur gesondert berechtigtem Tanzstudiopersonal zug\u00e4nglich. Die Daten unterliegen dem Datenschutz und werden nicht an Dritte weitergegeben.<\/p>\n<p>&nbsp;<\/p>\n<p><strong>Schlussbest\u00e4tigung:<br \/>\n<\/strong>Mit Betreten der R\u00e4ume und Kurs- und Veranstaltungsorten des Tanzstudios Twist Turn sowie mit Unterzeichnung eines Anmeldeformulars in schriftlicher Form werden diese Gesch\u00e4ftsbedingungen ausdr\u00fccklich zur Kenntnis genommen und bindend anerkannt.<\/p>\n<p>&nbsp;<\/p>\n","protected":false},"excerpt":{"rendered":"<p>Geltungsbereich: Unsere Allgemeinen Gesch\u00e4ftsbedingungen gelten f\u00fcr alle Kurs- und Veranstaltungsorte des Tanzstudios Twist Turn. &nbsp; Anmeldung: Die Teilnahme am Unterricht kann erst erfolgen, nachdem eine vollst\u00e4ndig ausgef\u00fcllte Anmeldung vorliegt. Mit Abgabe oder \u00dcbersendung der unterzeichneten Anmeldung kommt es zum Vertragsschluss. Die Anmeldungen sind verbindlich und verpflichten zur vollst\u00e4ndigen Zahlung der Kurshonorare und berechtigen im Gegenzug [&hellip;]<\/p>\n","protected":false},"author":1,"featured_media":0,"parent":0,"menu_order":0,"comment_status":"closed","ping_status":"closed","template":"","meta":{"ngg_post_thumbnail":0,"footnotes":""},"class_list":["post-174","page","type-page","status-publish","hentry"],"_links":{"self":[{"href":"https:\/\/twist-turn.de\/index.php?rest_route=\/wp\/v2\/pages\/174"}],"collection":[{"href":"https:\/\/twist-turn.de\/index.php?rest_route=\/wp\/v2\/pages"}],"about":[{"href":"https:\/\/twist-turn.de\/index.php?rest_route=\/wp\/v2\/types\/page"}],"author":[{"embeddable":true,"href":"https:\/\/twist-turn.de\/index.php?rest_route=\/wp\/v2\/users\/1"}],"replies":[{"embeddable":true,"href":"https:\/\/twist-turn.de\/index.php?rest_route=%2Fwp%2Fv2%2Fcomments&post=174"}],"version-history":[{"count":2,"href":"https:\/\/twist-turn.de\/index.php?rest_route=\/wp\/v2\/pages\/174\/revisions"}],"predecessor-version":[{"id":400,"href":"https:\/\/twist-turn.de\/index.php?rest_route=\/wp\/v2\/pages\/174\/revisions\/400"}],"wp:attachment":[{"href":"https:\/\/twist-turn.de\/index.php?rest_route=%2Fwp%2Fv2%2Fmedia&parent=174"}],"curies":[{"name":"wp","href":"https:\/\/api.w.org\/{rel}","templated":true}]}}